What is the tens digit of o(-8)?
5
Suppose -5*u = 2*x - 188 - 82, -5*u - 270 = -2*x. Suppose 3920 - x = 5*i. What is the tens digit of i?
5
Suppose 4*x - n + 54 + 1 = 0, x - 3*n = 0. Let k = x - 45. Let p = k + 147. What is the tens digit of p?
8
Suppose 34 + 32 = 33*b. Suppose 5*a = -3*s + 3425, 14*a = 15*a + b*s - 692. What is the tens digit of a?
8
Suppose 4*p = -3*r - r - 112, 0 = -p - 2*r - 29. Let g = -198 - p. Let y = g + 245. What is the tens digit of y?
7
Suppose 5995908 = 365*t + 88*t. What is the hundreds digit of t?
2
Let c be 15 - (8 + 0 + -3). Let w(i) = -i**3 + 11*i**2 - 22*i + 13. Let h be w(c). Let y = -79 - h. What is the tens digit of y?
2
Suppose 5*p = 4*v - 45, -2*v + 19 + 1 = -2*p. Suppose 0 = 3*s - v*u - 83, -2*u = -s - 0*u + 28. What is the units digit of (-19 - -1)*(-169)/s?
7
Suppose -27027 - 8197 = -5*d + 65146. What is the thousands digit of d?
0
Let f = 177 - -72. What is the units digit of -4 - f/(-9) - (-8)/6?
5
Suppose -2*s - 14 = 0, 70*r - 66*r - 53953 = 3*s. What is the hundreds digit of r?
4
Let w(g) = 270*g + 11231. What is the ten thousands digit of w(0)?
1
Let j = 11704 - 11526. Let h = -38 - -10. Let q = h + j. What is the hundreds digit of q?
1
Let w = -2588 - -6328. What is the thousands digit of w?
3
What is the tens digit of 497/(6 - 56529/9441) - (-3)/(-39)?
0
Let z(d) = -22*d - 107. Let l be z(-7). Suppose -467 = -48*n + l*n. What is the tens digit of n?
6
Let t = 28034 - -12553. What is the ten thousands digit of t?
4
Let y = -99 + 102. Suppose 2*o - 314 = -3*f, y*f - 150 = -o - 2*f. What is the units digit of o?
0
Let i = 755 + -759. Let y(o) = 9*o + o**3 + 4*o**2 + 5 - 3*o**2 + 11*o**2. What is the tens digit of y(i)?
9
Suppose -5967*v + 5976*v - 3825 = 0. What is the tens digit of v?
2
What is the units digit of (-1)/1*427340/(-10)?
4
Let d(b) = -5*b - 14. Let y(r) = 2*r + 7. Let q(p) = 6*d(p) + 14*y(p). Let a(c) = c**3 - 7*c**2 - c. Let n be a(7). What is the tens digit of q(n)?
2
Suppose 0*o = 4*g + o - 810, -g - 4*o + 195 = 0. Suppose 0 = -0*m + 5*m + 2*s + g, 0 = 3*m - 3*s + 105. Let a = m + 82. What is the units digit of a?
3
Let i(h) = 47*h**2 + 379*h - 11440. What is the hundreds digit of i(34)?
7
Suppose 2*d + 198 = c + 1366, -d - 4*c = -566. Let p = d - 410. Suppose -7*q + 11*q - p = 0. What is the units digit of q?
3
Let f = 114 - 115. Let v be (3/(-6))/(f/302). Let y = -71 + v. What is the tens digit of y?
8
What is the ten thousands digit of 6/(-14) + (-672180)/(-28)?
2
Let u = 3262 - -1785. What is the thousands digit of u?
5
Suppose -2*i = -227 - 753. Let f = 719 - i. Suppose w + f = 6*w + 2*c, 176 = 4*w - 2*c. What is the units digit of w?
5
Let i = 2107 + -196. What is the hundreds digit of i?
9
What is the units digit of (3/((-42)/(-619108)))/(3 + -3 + 2)?
1
Let j be 454699/56 + (-3)/(-8). Suppose -20*b + 6*b = -j. What is the units digit of b?
0
Let r be (2 - 1) + (-4 - -1). Let z(k) = -k**3 - k**2 - k - 3. Let a be z(r). Suppose x - 124 = -a*x. What is the units digit of x?
1
Let n = -57360 - -82352. What is the units digit of n?
2
Let m(c) = 8*c**3 + 3*c**2 - 17*c + 28. Let t be m(4). Suppose 1472 = 4*h - 2*h. Let z = h - t. What is the tens digit of z?
1
Let j(b) = 164*b**2 - 5*b + 139. What is the ten thousands digit of j(-9)?
1
Suppose 103709 = 5*x + 12*z - 14*z, 0 = 3*z + 21. What is the hundreds digit of x?
7
Suppose -2*b + 3*g = -26332, -52672 = -2*b - 2*b + 4*g. What is the hundreds digit of b?
1
Suppose -32 + 907 = 7*b. Let m = b + -6. What is the hundreds digit of m?
1
Let u = 9675 + -6436. What is the hundreds digit of u?
2
Suppose -5 = -5*t + 5. Suppose -5*r + 18 = -t. Suppose 3*a - 267 = 3*j - 8*j, -176 = -2*a - r*j. What is the tens digit of a?
9
Let a(b) = -3*b + 27. Let i(v) = -4*v + 55. Let y(l) = -15*a(l) + 6*i(l). What is the hundreds digit of y(26)?
4
Suppose -8*r = 2817 - 17689. What is the hundreds digit of r?
8
Suppose 0 = -441*c + 440*c + 863. Let a = c + -431. What is the units digit of a?
2
Let p(q) = -q**3 - 8*q**2 + 23*q - 12. Let n(h) = 3*h**3 + 2*h**2 - 2. Let l be n(3). Suppose l = -8*s + 9. What is the units digit of p(s)?
8
Suppose -3*l = 3*c - 4563, 2*c + 3042 = 4*c - l. Let g = c + -316. What is the hundreds digit of g?
2
Let p be 3*16/(-6)*(-1 + 0). Suppose 1456 = p*o - o. Suppose 4*l - 3*l - o = 0. What is the tens digit of l?
0
Let w(k) = 2*k**3 + 14*k**2 + 27*k - 8. Let s(p) = 3*p**3 + 15*p**2 + 28*p - 9. Let r(j) = -3*s(j) + 4*w(j). What is the tens digit of r(11)?
5
Let f(o) = 6*o**2 + 6*o + 7. Suppose 6*x - 3*x - 2*z + 15 = 0, -5*z = -3*x - 6. What is the hundreds digit of f(x)?
2
Let m = -28 - -32. Suppose -t = -m*y + 21, -3*t = 3*y - 6*t - 27. Suppose -138 = -3*o - 4*g + 130, 349 = y*o - 3*g. What is the units digit of o?
8
Let y(c) = -3*c**3 + 2*c**2 - 4*c + 39. Let w be y(-7). Suppose w = 188*q - 185*q. What is the hundreds digit of q?
3
Suppose 55 = 4*f + l, -13*l = -9*l + 20. Suppose 20*j - f*j = 485. What is the tens digit of j?
9
Let y be (-4)/(-7) + 537/(-21). Let o(n) = n**2 + 19*n - 101. What is the tens digit of o(y)?
4
Suppose o - 6*m + 3419 - 12673 = 0, -o + 9219 = m. What is the thousands digit of o?
9
Suppose u - 119638 = -4*k, 4*u - 59826 = -95*k + 93*k. What is the ten thousands digit of k?
2
What is the ten thousands digit of (5*89118/(-135))/(4 - (-75)/(-18))?
1
Let m = -9 + 42. Let x be (m - 0)*(-4)/12. Let q = 100 + x. What is the units digit of q?
9
Suppose 21*p - 396621 = 627255. What is the ten thousands digit of p?
4
Suppose -20 - 1 = -x + 3*z, 3*x - z = 71. Suppose -1360 = -4*i - 2*c, 20*c = 3*i + x*c - 1020. What is the hundreds digit of i?
3
Let r = -85 + 101. Suppose -137 = r*h + 215. What is the units digit of (1680/49)/(-8)*(h - -1)?
0
Suppose 3*q = 11*f + 42638, 0 = 4*q + 15*f - 14*f - 56741. What is the ten thousands digit of q?
1
Let y = -529 - -531. What is the tens digit of 525 + y/(-11) + (-93)/33?
2
What is the hundreds digit of (42/5)/(-1)*(-586 + 156)?
6
Let d(f) = 7*f + 44. Let l be d(-6). What is the units digit of (-15078)/(-54) - l/9?
9
Suppose -2*k = -4*m - 83356, 53*k - 57*k + 166772 = 4*m. What is the tens digit of k?
8
Let z(y) = -4*y**2 + 4*y + 12. Let d be z(-2). Let q be d*(-15)/20 + -4. Suppose q*w - 1371 = -271. What is the units digit of w?
0
Let h be -3 + (0 + 20 - 11). Let m(j) be the third derivative of 19*j**4/24 - 19*j**3/3 - 3*j**2. What is the units digit of m(h)?
6
Let h = 1776 - 2970. Let x(g) = -7*g - 24. Let u be x(-3). What is the hundreds digit of (u*h/(-18))/(2/(-2))?
1
Let d(b) = 13*b - 27. Let t(c) = -17*c - 44 + 3*c + 6*c. Let x be t(-6). What is the tens digit of d(x)?
2
Let s = 54 + -53. Let i be 1*(-2*s + 7 + 0). Suppose 2*g - 5*g - 228 = -i*t, 0 = 5*t + 2*g - 248. What is the units digit of t?
8
Let m = -293 + -57. Suppose 0 = -2*y - 5*w + 1011, -4*y - 5*w = -2*w - 1987. Let z = y + m. What is the units digit of z?
3
Suppose 5*y + 3*o = 40, -3*o = 5*y - o - 35. Let q be (-2)/4*(-13 - -7). Suppose g + 202 = q*g - 4*k, g = -y*k + 129. What is the units digit of g?
9
Let p = 20751 - 12176. What is the tens digit of p?
7
Let k = 29417 - 20907. What is the tens digit of k?
1
Let j be (-16)/(-6)*19/(76/48). What is the units digit of (-304)/j*14*-7?
1
Let v = 84 - 84. Suppose v*p - 12 = -2*p + 3*c, -4*p - 4*c = -4. What is the tens digit of ((-763)/28 - -1)/(p/(-8))?
7
Let k(m) = m**3 - 9*m**2 + 13*m + 10. Let b be k(7). Suppose -w = -4*a + b*w + 28, 5*a = 3*w + 39. Suppose -13*d + a*d = -104. What is the tens digit of d?
2
Suppose -2*d - d + 87 = 0. Let m(l) = -l**2 - 47*l - 277. Let o be m(-40). Suppose -o*y = -t + d, 6*t - 2*y - 70 = 4*t. What is the tens digit of t?
3
Let f = 30052 - 11033. What is the units digit of f?
9
Let t = -13968 - -19726. What is the tens digit of t?
5
Let a be (-9*(-9)/405)/((-1)/(-36035)). What is the hundreds digit of (-2)/(-9) - a*(-5)/45?
8
What is the tens digit of 6/((16/16144)/(-4*(-4)/6))?
4
Let t(k) = 1086*k**3 + 6*k**2 - 5*k. Suppose -3*o - 34*v = -33*v - 4, 3*o + 5*v - 8 = 0. What is the tens digit of t(o)?
8
Suppose -59*q = -44*q - 5*t - 83440, -t + 5572 = q. What is the units digit of q?
5
Let v(j) = j**3 + 20*j**2 - 7*j + 14. Let i(c) = c**3 + 23*c**2 - c - 43. Let s be i(-23). What is the hundreds digit of v(s)?
1
Wha